{"id":7078,"date":"2026-02-08T21:35:00","date_gmt":"2026-02-09T00:35:00","guid":{"rendered":"https:\/\/www.likefloripa.com.br\/?post_type=eventos&#038;p=7078"},"modified":"2026-02-07T16:49:45","modified_gmt":"2026-02-07T19:49:45","slug":"17-02-carnaval-balburdia-baila-comigo-dj-adamo","status":"publish","type":"eventos","link":"https:\/\/www.likefloripa.com.br\/en\/eventos\/17-02-carnaval-balburdia-baila-comigo-dj-adamo\/","title":{"rendered":"17.02 - Balb\u00fardia Carnival - Baila Comigo + Dj Adamo"},"content":{"rendered":"<p>On the day\u00a0<strong>February 17th<\/strong>, a Balb\u00fardia Floripa vira Carnaval com muita m\u00fasica, dan\u00e7a e energia boa com a banda Baila Comigo e DJ Adamo, em Florian\u00f3polis<\/p>\n\n\n\n<p><\/p>","protected":false},"excerpt":{"rendered":"<p>No dia\u00a017 de fevereiro, a Balb\u00fardia Floripa vira Carnaval com muita m\u00fasica, dan\u00e7a e energia boa com a banda Baila Comigo e DJ Adamo, em Florian\u00f3polis<\/p>","protected":false},"featured_media":7079,"template":"","regiao-do-evento":[17],"categoria-de-evento":[288,4],"class_list":["post-7078","eventos","type-eventos","status-publish","has-post-thumbnail","hentry","regiao-do-evento-centro","categoria-de-evento-ar-livre","categoria-de-evento-pagos"],"_links":{"self":[{"href":"https:\/\/www.likefloripa.com.br\/en\/wp-json\/wp\/v2\/eventos\/7078","targetHints":{"allow":["GET"]}}],"collection":[{"href":"https:\/\/www.likefloripa.com.br\/en\/wp-json\/wp\/v2\/eventos"}],"about":[{"href":"https:\/\/www.likefloripa.com.br\/en\/wp-json\/wp\/v2\/types\/eventos"}],"wp:featuredmedia":[{"embeddable":true,"href":"https:\/\/www.likefloripa.com.br\/en\/wp-json\/wp\/v2\/media\/7079"}],"wp:attachment":[{"href":"https:\/\/www.likefloripa.com.br\/en\/wp-json\/wp\/v2\/media?parent=7078"}],"wp:term":[{"taxonomy":"regiao-do-evento","embeddable":true,"href":"https:\/\/www.likefloripa.com.br\/en\/wp-json\/wp\/v2\/regiao-do-evento?post=7078"},{"taxonomy":"categoria-de-evento","embeddable":true,"href":"https:\/\/www.likefloripa.com.br\/en\/wp-json\/wp\/v2\/categoria-de-evento?post=7078"}],"curies":[{"name":"wp","href":"https:\/\/api.w.org\/{rel}","templated":true}]}}

17.02 - Balbúrdia Carnival - Baila Comigo + Dj Adamo

<p>On the day <strong>February 17th</strong>, a Balbúrdia Floripa vira Carnaval com muita música, dança e energia boa com a banda Baila Comigo e DJ Adamo, em Florianópolis</p>



<p></p>

<p>No dia 17 de fevereiro, a Balbúrdia Floripa vira Carnaval com muita música, dança e energia boa com a banda Baila Comigo e DJ Adamo, em Florianópolis</p>
