{"id":7098,"date":"2026-02-08T21:20:00","date_gmt":"2026-02-09T00:20:00","guid":{"rendered":"https:\/\/www.likefloripa.com.br\/?post_type=eventos&#038;p=7098"},"modified":"2026-02-07T17:41:45","modified_gmt":"2026-02-07T20:41:45","slug":"16-02-bloco-mareados-pantano-do-sul","status":"publish","type":"eventos","link":"https:\/\/www.likefloripa.com.br\/en\/eventos\/16-02-bloco-mareados-pantano-do-sul\/","title":{"rendered":"16.02 - Bloco Mareados - P\u00e2ntano do Sul"},"content":{"rendered":"<p>Tradicional bloco de rua da praia da Arma\u00e7\u00e3o do P\u00e2ntano do sul, em Florian\u00f3polis com a folia agendada para 16 de fevereiro, a partir das 18h<\/p>\n\n\n\n<p><\/p>","protected":false},"excerpt":{"rendered":"<p>Tradicional bloco de rua da praia da Arma\u00e7\u00e3o do P\u00e2ntano do sul, em Florian\u00f3polis com a folia agendada para 16 de fevereiro, a partir das 18h<\/p>","protected":false},"featured_media":7101,"template":"","regiao-do-evento":[],"categoria-de-evento":[],"class_list":["post-7098","eventos","type-eventos","status-publish","has-post-thumbnail","hentry"],"_links":{"self":[{"href":"https:\/\/www.likefloripa.com.br\/en\/wp-json\/wp\/v2\/eventos\/7098","targetHints":{"allow":["GET"]}}],"collection":[{"href":"https:\/\/www.likefloripa.com.br\/en\/wp-json\/wp\/v2\/eventos"}],"about":[{"href":"https:\/\/www.likefloripa.com.br\/en\/wp-json\/wp\/v2\/types\/eventos"}],"wp:featuredmedia":[{"embeddable":true,"href":"https:\/\/www.likefloripa.com.br\/en\/wp-json\/wp\/v2\/media\/7101"}],"wp:attachment":[{"href":"https:\/\/www.likefloripa.com.br\/en\/wp-json\/wp\/v2\/media?parent=7098"}],"wp:term":[{"taxonomy":"regiao-do-evento","embeddable":true,"href":"https:\/\/www.likefloripa.com.br\/en\/wp-json\/wp\/v2\/regiao-do-evento?post=7098"},{"taxonomy":"categoria-de-evento","embeddable":true,"href":"https:\/\/www.likefloripa.com.br\/en\/wp-json\/wp\/v2\/categoria-de-evento?post=7098"}],"curies":[{"name":"wp","href":"https:\/\/api.w.org\/{rel}","templated":true}]}}

16.02 - Bloco Mareados - Pântano do Sul

<p>Tradicional bloco de rua da praia da Armação do Pântano do sul, em Florianópolis com a folia agendada para 16 de fevereiro, a partir das 18h</p>



<p></p>

<p>Tradicional bloco de rua da praia da Armação do Pântano do sul, em Florianópolis com a folia agendada para 16 de fevereiro, a partir das 18h</p>
