{"id":7102,"date":"2026-02-08T21:25:00","date_gmt":"2026-02-09T00:25:00","guid":{"rendered":"https:\/\/www.likefloripa.com.br\/?post_type=eventos&#038;p=7102"},"modified":"2026-02-09T13:56:48","modified_gmt":"2026-02-09T16:56:48","slug":"bloco-se-sorrir-te-agarro-pantano","status":"publish","type":"eventos","link":"https:\/\/www.likefloripa.com.br\/en\/eventos\/bloco-se-sorrir-te-agarro-pantano\/","title":{"rendered":"16.02 Bloco Se Sorrir Te Agarro - P\u00e2ntano do Sul"},"content":{"rendered":"<p>Prepare-se para o open bar mais aguardado do Carnaval! Dia 16\/02, a partir das 16h, na Estrada Jo\u00e3o Belarmino da Silva, 450 &#8211; P\u00e2ntano do Sul, Florian\u00f3polis &#8211; SC<\/p>\n\n\n\n<p><\/p>","protected":false},"excerpt":{"rendered":"<p>Prepare-se para o open bar mais aguardado do Carnaval! Dia 16\/02, a partir das 16h, na Estrada Jo\u00e3o Belarmino da Silva, 450 &#8211; P\u00e2ntano do Sul, Florian\u00f3polis &#8211; SC<\/p>","protected":false},"featured_media":7105,"template":"","regiao-do-evento":[15],"categoria-de-evento":[288,4],"class_list":["post-7102","eventos","type-eventos","status-publish","has-post-thumbnail","hentry","regiao-do-evento-sul","categoria-de-evento-ar-livre","categoria-de-evento-pagos"],"_links":{"self":[{"href":"https:\/\/www.likefloripa.com.br\/en\/wp-json\/wp\/v2\/eventos\/7102","targetHints":{"allow":["GET"]}}],"collection":[{"href":"https:\/\/www.likefloripa.com.br\/en\/wp-json\/wp\/v2\/eventos"}],"about":[{"href":"https:\/\/www.likefloripa.com.br\/en\/wp-json\/wp\/v2\/types\/eventos"}],"wp:featuredmedia":[{"embeddable":true,"href":"https:\/\/www.likefloripa.com.br\/en\/wp-json\/wp\/v2\/media\/7105"}],"wp:attachment":[{"href":"https:\/\/www.likefloripa.com.br\/en\/wp-json\/wp\/v2\/media?parent=7102"}],"wp:term":[{"taxonomy":"regiao-do-evento","embeddable":true,"href":"https:\/\/www.likefloripa.com.br\/en\/wp-json\/wp\/v2\/regiao-do-evento?post=7102"},{"taxonomy":"categoria-de-evento","embeddable":true,"href":"https:\/\/www.likefloripa.com.br\/en\/wp-json\/wp\/v2\/categoria-de-evento?post=7102"}],"curies":[{"name":"wp","href":"https:\/\/api.w.org\/{rel}","templated":true}]}}

16.02 Bloco Se Sorrir Te Agarro - Pântano do Sul

<p>Prepare-se para o open bar mais aguardado do Carnaval! Dia 16/02, a partir das 16h, na Estrada João Belarmino da Silva, 450 &#8211; Pântano do Sul, Florianópolis &#8211; SC</p>



<p></p>

<p>Prepare-se para o open bar mais aguardado do Carnaval! Dia 16/02, a partir das 16h, na Estrada João Belarmino da Silva, 450 &#8211; Pântano do Sul, Florianópolis &#8211; SC</p>
