{"id":7124,"date":"2026-02-07T18:42:04","date_gmt":"2026-02-07T21:42:04","guid":{"rendered":"https:\/\/www.likefloripa.com.br\/?post_type=eventos&#038;p=7124"},"modified":"2026-02-07T18:42:06","modified_gmt":"2026-02-07T21:42:06","slug":"14-e-16-02-carnaonda-praia-mole","status":"publish","type":"eventos","link":"https:\/\/www.likefloripa.com.br\/en\/eventos\/14-e-16-02-carnaonda-praia-mole\/","title":{"rendered":"14 and 16.02 - CarnaOnda - Praia Mole\u00a0"},"content":{"rendered":"<p>O\u00a0<strong>CarnaOnda<\/strong>\u00a0arrives with\u00a0<strong>two days of sunset on the edge of Praia Mole<\/strong>, em Florian\u00f3polis, das 14h \u00e0s 22h, com o p\u00e9 na areia, o corpo em movimento e a cabe\u00e7a longe de qualquer regra.<\/p>\n\n\n\n<p><\/p>","protected":false},"excerpt":{"rendered":"<p>O CARNAONDA chega com dois dias de sunset na beira da Praia Mole, das 14h \u00e0s 22h, com o p\u00e9 na areia, o corpo em movimento e a cabe\u00e7a longe de qualquer regra.<\/p>","protected":false},"featured_media":7125,"template":"","regiao-do-evento":[16],"categoria-de-evento":[288,290,4],"class_list":["post-7124","eventos","type-eventos","status-publish","has-post-thumbnail","hentry","regiao-do-evento-leste","categoria-de-evento-ar-livre","categoria-de-evento-festa","categoria-de-evento-pagos"],"_links":{"self":[{"href":"https:\/\/www.likefloripa.com.br\/en\/wp-json\/wp\/v2\/eventos\/7124","targetHints":{"allow":["GET"]}}],"collection":[{"href":"https:\/\/www.likefloripa.com.br\/en\/wp-json\/wp\/v2\/eventos"}],"about":[{"href":"https:\/\/www.likefloripa.com.br\/en\/wp-json\/wp\/v2\/types\/eventos"}],"wp:featuredmedia":[{"embeddable":true,"href":"https:\/\/www.likefloripa.com.br\/en\/wp-json\/wp\/v2\/media\/7125"}],"wp:attachment":[{"href":"https:\/\/www.likefloripa.com.br\/en\/wp-json\/wp\/v2\/media?parent=7124"}],"wp:term":[{"taxonomy":"regiao-do-evento","embeddable":true,"href":"https:\/\/www.likefloripa.com.br\/en\/wp-json\/wp\/v2\/regiao-do-evento?post=7124"},{"taxonomy":"categoria-de-evento","embeddable":true,"href":"https:\/\/www.likefloripa.com.br\/en\/wp-json\/wp\/v2\/categoria-de-evento?post=7124"}],"curies":[{"name":"wp","href":"https:\/\/api.w.org\/{rel}","templated":true}]}}

<p>O <strong>CarnaOnda</strong> arrives with <strong>two days of sunset on the edge of Praia Mole</strong>, em Florianópolis, das 14h às 22h, com o pé na areia, o corpo em movimento e a cabeça longe de qualquer regra.</p>



<p></p>

<p>O CARNAONDA chega com dois dias de sunset na beira da Praia Mole, das 14h às 22h, com o pé na areia, o corpo em movimento e a cabeça longe de qualquer regra.</p>
