{"id":7138,"date":"2026-02-08T21:45:00","date_gmt":"2026-02-09T00:45:00","guid":{"rendered":"https:\/\/www.likefloripa.com.br\/?post_type=eventos&#038;p=7138"},"modified":"2026-02-07T19:30:55","modified_gmt":"2026-02-07T22:30:55","slug":"carnaesparta-baile-do-tangi-lagoa","status":"publish","type":"eventos","link":"https:\/\/www.likefloripa.com.br\/en\/eventos\/carnaesparta-baile-do-tangi-lagoa\/","title":{"rendered":"17.02 CarnaEsparta - Tangi II Ball - Lagoa"},"content":{"rendered":"<p>O Carna Esparta, baile do Tangi II, na Lagoa da Concei\u00e7\u00e3o, em Florian\u00f3polis \u00e9 uma noite pra fechar o carnaval em grande estilo, com pista quente e muita dan\u00e7a ao som de Tangi (Cortesia da Casa), Pejay e Kuzco no comando do som.<\/p>","protected":false},"excerpt":{"rendered":"<p>O Carna Esparta, baile do Tangi II, na Lagoa da Concei\u00e7\u00e3o, em Florian\u00f3polis \u00e9 uma noite pra fechar o carnaval em grande estilo<\/p>","protected":false},"featured_media":7141,"template":"","regiao-do-evento":[16],"categoria-de-evento":[5,290,4],"class_list":["post-7138","eventos","type-eventos","status-publish","has-post-thumbnail","hentry","regiao-do-evento-leste","categoria-de-evento-baladas","categoria-de-evento-festa","categoria-de-evento-pagos"],"_links":{"self":[{"href":"https:\/\/www.likefloripa.com.br\/en\/wp-json\/wp\/v2\/eventos\/7138","targetHints":{"allow":["GET"]}}],"collection":[{"href":"https:\/\/www.likefloripa.com.br\/en\/wp-json\/wp\/v2\/eventos"}],"about":[{"href":"https:\/\/www.likefloripa.com.br\/en\/wp-json\/wp\/v2\/types\/eventos"}],"wp:featuredmedia":[{"embeddable":true,"href":"https:\/\/www.likefloripa.com.br\/en\/wp-json\/wp\/v2\/media\/7141"}],"wp:attachment":[{"href":"https:\/\/www.likefloripa.com.br\/en\/wp-json\/wp\/v2\/media?parent=7138"}],"wp:term":[{"taxonomy":"regiao-do-evento","embeddable":true,"href":"https:\/\/www.likefloripa.com.br\/en\/wp-json\/wp\/v2\/regiao-do-evento?post=7138"},{"taxonomy":"categoria-de-evento","embeddable":true,"href":"https:\/\/www.likefloripa.com.br\/en\/wp-json\/wp\/v2\/categoria-de-evento?post=7138"}],"curies":[{"name":"wp","href":"https:\/\/api.w.org\/{rel}","templated":true}]}}

<p>O Carna Esparta, baile do Tangi II, na Lagoa da Conceição, em Florianópolis é uma noite pra fechar o carnaval em grande estilo, com pista quente e muita dança ao som de Tangi (Cortesia da Casa), Pejay e Kuzco no comando do som.</p>

<p>O Carna Esparta, baile do Tangi II, na Lagoa da Conceição, em Florianópolis é uma noite pra fechar o carnaval em grande estilo</p>
